 -5))?
-3
Evaluate (15 - 8) + 0 + -10.
-3
What is 7 + (1 - 4) + (7 - 9)?
2
What is -7 + (3 - 0) + (-1 - -2)?
-3
Calculate (2 - (-5 - -3 - -1)) + 1.
4
What is the value of -3 + 4 + -5 + 6 + -3?
-1
Evaluate 3 + -10 - (-22 - -19).
-4
What is the value of -1 - 2 - (10 + -5 - 3)?
-5
(5 - (1 - (0 + -1))) + -2
1
Evaluate 3 - (3 - (0 + -4)).
-4
What is the value of -3 - (3 - 6) - -3?
3
-3 + 3 + 5 + -8 + 1
-2
Evaluate (9 - 6) + -5 + -1.
-3
What is 1 - (-2 + 4 - -3) - -1?
-3
What is -6 + (7 - (9 + -15))?
7
Evaluate (92 - 96) + 3 + -1.
-2
Calculate -2 + -5 + 9 - (4 + 0).
-2
What is the value of 7 + (-1 - (4 + 3))?
-1
What is the value of 1 - (0 + 0 + -2)?
3
3 + -8 + 9 + -2 + 2
4
0 - -13 - (-34 - -31) - 6
10
What is the value of 7 + (-5 + -9 - -6)?
-1
Evaluate -2 + -3 + 10 + (-17 - -9).
-3
Evaluate 1 + -2 - (5 + -6).
0
Calculate (-3 - -4 - -2) + -2.
1
Evaluate -7 - ((-1 - -3) + 3 + -8).
-4
What is the value of 5 + 13 + -19 + -3?
-4
Calculate -4 + 0 + (1 - 2).
-5
(9 - (-8 + 14)) + -10
-7
What is -2 + 4 - (-1 + 3 - 2)?
2
Evaluate -5 - (-3 + -3 + 1).
0
What is 33 + -39 + (-1 - -8)?
1
What is 3 + -3 + 1 + 2?
3
Calculate 0 - -2 - (6 - 6).
2
Evaluate 6 + (0 - -1) + -2 + -3.
2
Calculate -3 + 3 + 4 + 0.
4
Evaluate -10 - (-4 + 6 + -8).
-4
Evaluate (7 - (-4 - -14)) + 1 + 3.
1
10 + -12 - (-3 + 1)
0
Evaluate 4 + (3 - 9 - -3).
1
Calculate 5 + (-3 + -2 - -3) - 7.
-4
-2 + 0 - -4 - -1
3
Calculate 2 - (5 - 8) - (6 + 0).
-1
Evaluate -1 + -1 + 0 - (-7 + 4).
1
4 - (-4 - (-4 - 0) - 1)
5
Calculate 8 - (19 + -8) - (0 - 1).
-2
Evaluate -1 + 2 - (3 - 5).
3
What is the value of -7 + (-1 - ((1 - 1) + -7))?
-1
Evaluate (7 - 5) + (1 + -1 - -1).
3
Evaluate -3 + 3 + (-1 + -3 - -4).
0
Evaluate (31 - 26) + (-2 - 4).
-1
What is the value of 6 - (9 - 5) - 4?
-2
Evaluate 0 + 4 + 4 + -3 + -2.
3
Calculate 5 - (-4 - -5) - 8.
-4
What is 9 + (-12 + 0 - 4)?
-7
(0 - 0) + 1 - 1
0
Calculate 5 + -6 + 7 + -1 + 0.
5
(-2 - 1) + (-5 + 17 - 6)
3
-6 + (-1 - -4) + 3 + -5
-5
2 - 17 - (42 - 54)
-3
Calculate (0 - -4 - 6) + 4.
2
What is 0 - (-1 + -2) - (-25 - -33)?
-5
Evaluate -2 + (0 - 1) + 8.
5
Evaluate 95 + -93 + 1 + -7.
-4
Calculate (-20 - -14) + (15 - 1) + -3.
5
Evaluate 11 - 2 - (-5 + 10 + -2).
6
Calculate 36 + -37 - (-4 - 1).
4
What is (3 - 2) + -1 - 1?
-1
Evaluate 12 + 2 + -12 + 8.
10
What is the value of 4 + (2 - (11 + 1))?
-6
What is the value of (5 - (0 + 3)) + -3?
-1
3 - (8 + (7 - 5 - 3))
-4
What is (6 + -4 - (-3 + 8)) + 1?
-2
What is 5 + (3 - 0 - 2) + -14?
-8
What is -4 + (3 - (3 - 0)) - -7?
3
Evaluate (-1 - 6) + 2 + (21 - 23).
-7
Calculate 4 + -2 + -4 - 1.
-3
Calculate (-1 - 5) + -8 + 11 - 2.
-5
7 + -6 + 11 + -14
-2
Evaluate 5 + -13 - (-3 + 0) - -5.
0
What is -2 + 3 - (1 - 2)?
2
Evaluate 0 + -1 - (-8 + 1 + 3).
3
Calculate 8 + -4 - (3 + -2 + 10).
-7
What is the value of (-3 - 2 - -2) + 6?
3
Evaluate -7 - (-3 - 0 - -1).
-5
-7 - -1 - (-7 + -4)
5
What is the value of 5 - ((15 - (-1 + 5)) + -8)?
2
Evaluate -6 + 0 + (-5 - -16).
5
What is -10 - (-8 + -7 + 11)?
-6
What is 4 + 4 + -8 + 4?
4
Evaluate (-4 - -4) + (-1 - 2) + 2.
-1
Calculate -4 + 4 - 4 - -2.
-2
Calculate 5 + (11 - 13) - (4 - -1).
-2
-9 + (8 - 1) + -2
-4
Evaluate 4 - 0 - (-1 + -1 + 4).
2
What is the value of -7 + 5 + 0 - -11?
9
(-2 + -5 - -3) + 2 + -1
-3
Evaluate (8 - (-4 + 9 - 4)) + -3.
4
What is 5 + (-9 - 6) + 5 - -4?
-1
Calculate -1 + -3 + (-1 - -10).
5
What is -4 + -1 - -5 - 3?
-3
What is 23 + -17 - (0 - -1)?
5
Calculate -2 - (2 + (-6 - -5)) - -3.
0
0 + 3 - (8 + -4)
-1
What is 1 - (-13 - -2) - (9 - 2)?
5
What is the value of 15 + -2 + (8 - 16 - -2)?
7
What is the value of 9 - (-2 + 3) - (21 + -21)?
8
-1 + -2 + 3 + 0 + 0
0
Evaluate 3 + 4 + 1 - -1.
9
Evaluate -1 + -6 - (-5 + 11 + -10).
-3
Evaluate -1 + (-5 + -6 - -3).
-9
What is (-2 - -9) + -29 + 32?
10
Calculate -1 + 2 + (10 - 9).
2
Evaluate -8 + (-3 - (-5 - 7 - -4)).
-3
What is the value of 16 - ((-3 - 7) + 18)?
8
Calculate 11 - 16 - (2 + -6 - 0).
-1
Calculate 2 - (-4 - -1 - -9).
-4
Evaluate 1 - ((-1 - -2) + 33 + -30).
-3
What is the value of 2 + -4 + 5 + -6?
-3
Evaluate 2 - (9 + 0 + 0) - -7.
0
Evaluate (-1 - 5) + 5 + (-1 - 0).
-2
Calculate 3 + (1 - (7 - (6 - 3))).
0
7 - (5 + -2 + 10)
-6
Evaluate 2 + 4 + -4 - (13 - 6).
-5
Evaluate -6 + (25 - (12 - 1)).
8
Evaluate (-6 - -5) + -1 - 2.
-4
-6 + (2 - 2) + 6
0
What is the value of 34 + -27 - (4 - 1)?
4
What is the value of -4 + (-4 - -18 - 5) - 5?
0
-2 - (3 + (5 - 7)) - -1
-2
What is 8 + 0 - (0 + -6 + 10)?
4
Evaluate (2 - (1 + 3)) + 5.
3
What is the value of (-6 + 7 - 2) + -1 + 9?
7
Calculate -2 + 3 + -2 + 5.
4
What is the value of 3 - (4 - (2 + -2)) - 3?
-4
6 - ((-22 - -29) + -1 + 6)
-6
Calculate -3 + (6 - 9 - -2).
-4
(19 + -14 - 11) + 1 + 7
2
What is -3 + 3 + (0 - (2 + 1))?
-3
What is (7 - 4 - 4) + 21 + -16?
4
Evaluate 4 - (1 + (4 - 3)).
2
What is (-1 - (-4 + 0)) + (7 - 12)?
-2
Evaluate 0 + -2 + (-2 - -6) + -1.
1
Calculate (22 - 18) + (1 - 4) + -1.
0
What is the value of -13 - 5 - (-2 - (0 + 5))?
-11
What is 2 - 2 - (-3 + -2 + 5)?
0
Evaluate 8 - 24 - (-10 - -1).
-7
Evaluate 2 + (-1 + -1 - (0 + -3)).
3
What is the value of 7 + -10 + -5 - (-9 - -4)?
-3
Evaluate 1 - (-1 - (16 + -10)).
8
What is 13 + -6 - (-7 + 7)?
7
What is the value of -8 + 0 + 5 + -1 + 0?
-4
-6 + 0 + (4 - 0 - -8)
6
What is -2 + (1 - (3 - 3 - -3))?
-4
What is the value of 10 + 2 + -17 + 11?
6
What is the value of (-5 - -6) + -2 + 1?
0
What is 4 - (-5 - (2 - 6))?
5
What is 8 - 4 - (-2 - (1 - 11))?
-4
What is the value of (1 - -8) + (-52 - -39)?
-4
Evaluate 7 - 2 - (2 + -1).
4
4 + (-5 - (-11 - 2)) + -4
8
Calculate -1 - ((13 - 16) + 0 + -1).
3
Calculate 2 - 4 - (2 + -9).
5
What is the value of -2 + (5 + 3 - 6) - 1?
-1
Evaluate -2 + -4 - (-1 + -9).
4
Evaluate (-5 + 0 - -6) + 4.
5
Evaluate 5 - (3 + -3 + (7 - -1)).
-3
Evaluate -14 + 2 - -9 - (-9 + 0).
6
Evaluate 2 + -12 + 4 - -4.
-2
-3 + -1 - (0 + -1)
-3
What is the value of -2 - (4 + -4) - 3?
-5
What is the value of -1 + (-1 - 3 - -1 - -10)?
6
Calculate 5 + (-4 - (2 - (1 + 2))).
2
What is the value of -3 + 5 + (-3 + 4 - 8)?
-5
What is 1 - 1 - (19 - 14)?
-5
What is the value of 0 + (-2 - 0) + 3 + -1?
0
What is 0 + (2 - (3 - 2) - 2)?
-1
-32 - -13 - -1 - -10
-8
What is the value of 3 + 1 + 4 + -6?
2
What is the value of (-2 - -2) + -19 + 9 + 8?
-2
Calculate 7 - (-4 + 7 - 0 - -2).
2
Calculate 11 + -5 + -7 + -7.
-8
What is 105 - 109 - (2 - 1 - -1)?
-6
Evaluate -7 - (-5 - -10 - 1 - 4).
-7
What is (-5 - 0) + -2 + 3?
-4
1 + (-4 - -2) - -9
8
Calculate -8 + -1 - -3 - -4.
-2
Evaluate 0 + 8 - 12 - (-1 - -8).
-11
Calculate -7 + 0 - (-1 + 0) - -2.
-4
4 + -6 + (7 - 6)
-1
What is the value of (10 - 2) + 36 + -39?
5
-3 + 0 + 1 + -2 - -10
6
Calculate 0 - (6 + 1 + -13).
6
Evaluate 1 + 3 - (-3 + 1) - 6.
0
What is the value of (-4 - -2) + (2 - 5)?
-5
6 + 2 - (0 + 4)
4
Calculate (-1 + 3 - -6 - -2) + -2.
8
Calculate 2 + 5 - (-9 + 11).
5
What is the value of 5 - (12 + -7) - -4?
4
What is the value of (0 - 0) + 13 + -10 + 2?
5
What is the value of 1 + -8 - (-2 - 1)?
-4
(-4 - -12) + -6 - (-3 - -1)
4
What is the value of -1 + -1 + (-4 - (8 - 14))?
0
Evaluate (-3 - 1) + (2 - 0).
-2
3 + -11 + 9 + -3 + 2
0
Calculate -3 + -6 + 9 - 2.
-2
-28 + 25 - (-7 - -1)
3
Calculate -16 - -16 - (2 + -2 - -2).
-2
Evaluate (-4 - -4) + 2 + -3.
-1
What is the value of -2 + (2 - 1) + (8 - 12)?
-5
What is the value of 6 + -3 + (-6 - -2) + 5?
4
Calculate 11 - (10 + 2 + 6).
-7
What is 3 - ((-13 - -21) + (4 - 2))?
-7
(0 - 5 - -3 - -1) + 10
9
Calculate -9 + (7 - (3 + -1)).
-4
What is the value of (2 + 0 - 1) + -5?
-4
What is -4 + 1 + 55 + -54 + 3?
1
What is (-2 - -1) + 4 + (3 - 10)?
-4
-2 + 3 + 4 + -5 + -5
-5
What is -4 + 7 - 1 - (6 - -2)?
-6
Calculate (6 - -1 - (2 - -1)) + 1.
5
What is the value of 3 - 13 - (-6 + 3)?
-7
What is (10 - 9 - 7) + 3?
-3
Evaluate -2 + 4 + (1 - (0 - 0)).
3
What is the value of 0 + (4 + -4 + -1 - 2)?
-3
(-2 - 0) + 0 + -2
-4
What is the value of 7 + -1 + -1 + (-1 - 0)?
4
Calculate 3 + -5 - 5 - -3.
-4
Evaluate 1 + 2 + 5 + -13.
-5
What is (1 - 2) + (-36 - -29)?
-8
Evaluate (3 - 0) + (16 - 8 - 6).
5
5 - (0 + 5) - 1
-1
Evaluate 9 + -5 + -9 + 4.
-1
Calculate 1 + 6 - (5 + -3).
5
What is -4 + (0 + 5 - (1 + 3))?
-3
-123 + 115 + -2 + (-3 - -2)
-11
What is (-7 + -6 - -6 - -6) + -3?
-4
Calculate (-12 - -13) + 6 - (5 - 2).
4
What is -3 + -3 - (-3 + -3 - -8)?
-8
Calculat